{"id":56,"date":"2023-04-17T16:27:53","date_gmt":"2023-04-17T14:27:53","guid":{"rendered":"https:\/\/szklarnianadjeziorem.pl\/?page_id=56"},"modified":"2023-09-21T21:12:12","modified_gmt":"2023-09-21T19:12:12","slug":"o-nas","status":"publish","type":"page","link":"https:\/\/szklarnianadjeziorem.pl\/index.php\/o-nas\/","title":{"rendered":"O NAS"},"content":{"rendered":"<p>[et_pb_section fb_built=&#8221;1&#8243; _builder_version=&#8221;4.11.4&#8243; _module_preset=&#8221;default&#8221; background_color=&#8221;#FFFFFF&#8221; custom_margin=&#8221;20px|0px|20px|0px|false|false&#8221; custom_padding=&#8221;0px|0px|0px|0px|false|false&#8221; global_colors_info=&#8221;{}&#8221;][et_pb_row _builder_version=&#8221;4.11.4&#8243; _module_preset=&#8221;default&#8221; global_colors_info=&#8221;{}&#8221;][et_pb_column type=&#8221;4_4&#8243; _builder_version=&#8221;4.11.4&#8243; _module_preset=&#8221;default&#8221; global_colors_info=&#8221;{}&#8221;][et_pb_text _builder_version=&#8221;4.11.4&#8243; _module_preset=&#8221;default&#8221; hover_enabled=&#8221;0&#8243; global_colors_info=&#8221;{}&#8221; sticky_enabled=&#8221;0&#8243;]<\/p>\n<h2 style=\"text-align: center;\">O NAS<\/h2>\n<p>[\/et_pb_text][\/et_pb_column][\/et_pb_row][\/et_pb_section][et_pb_section fb_built=&#8221;1&#8243; _builder_version=&#8221;4.11.4&#8243; _module_preset=&#8221;default&#8221; background_color=&#8221;#f2f2f2&#8243; global_colors_info=&#8221;{}&#8221;][et_pb_row _builder_version=&#8221;4.11.4&#8243; _module_preset=&#8221;default&#8221; width=&#8221;6%&#8221; width_tablet=&#8221;15%&#8221; width_phone=&#8221;28%&#8221; width_last_edited=&#8221;on|desktop&#8221; custom_margin=&#8221;0px||||false|false&#8221; global_colors_info=&#8221;{}&#8221;][et_pb_column type=&#8221;4_4&#8243; _builder_version=&#8221;4.11.4&#8243; _module_preset=&#8221;default&#8221; global_colors_info=&#8221;{}&#8221;][et_pb_image src=&#8221;http:\/\/szklarnianadjeziorem.pl\/wp-content\/uploads\/2023\/04\/szklarnia-nad-jeziorem-1.png&#8221; title_text=&#8221;szklarnia nad jeziorem (1)&#8221; show_bottom_space=&#8221;off&#8221; show_bottom_space_tablet=&#8221;off&#8221; show_bottom_space_phone=&#8221;off&#8221; show_bottom_space_last_edited=&#8221;on|phone&#8221; _builder_version=&#8221;4.11.4&#8243; _module_preset=&#8221;default&#8221; custom_margin=&#8221;-139px||||false|false&#8221; global_colors_info=&#8221;{}&#8221;][\/et_pb_image][\/et_pb_column][\/et_pb_row][et_pb_row _builder_version=&#8221;4.11.4&#8243; _module_preset=&#8221;default&#8221; global_colors_info=&#8221;{}&#8221;][et_pb_column type=&#8221;4_4&#8243; _builder_version=&#8221;4.11.4&#8243; _module_preset=&#8221;default&#8221; global_colors_info=&#8221;{}&#8221;][et_pb_text _builder_version=&#8221;4.11.4&#8243; _module_preset=&#8221;default&#8221; custom_padding=&#8221;||20px||false|false&#8221; hover_enabled=&#8221;0&#8243; global_colors_info=&#8221;{}&#8221; sticky_enabled=&#8221;0&#8243;]<\/p>\n<p>Szklarnia nad jeziorem to miejsce stworzone z mi\u0142o\u015bci do fotografii i natury. Przestrze\u0144, kt\u00f3ra zosta\u0142a zaprojektowana i urz\u0105dzona z my\u015bl\u0105 o mi\u0142o\u015bnikach fotografii oraz os\u00f3b zajmuj\u0105cych si\u0119 zawodowo t\u0105 dziedzin\u0105. Szklarnia nad jeziorem mo\u017ce by\u0107 miejscem spotka\u0144, wymiany do\u015bwiadcze\u0144, a tak\u017ce organizowania r\u00f3\u017cnego rodzaju wydarze\u0144 zwi\u0105zanych z fotografi\u0105.<\/p>\n<p>[\/et_pb_text][\/et_pb_column][\/et_pb_row][\/et_pb_section][et_pb_section fb_built=&#8221;1&#8243; _builder_version=&#8221;4.11.4&#8243; _module_preset=&#8221;default&#8221; global_colors_info=&#8221;{}&#8221;][et_pb_row column_structure=&#8221;1_2,1_2&#8243; _builder_version=&#8221;4.11.4&#8243; _module_preset=&#8221;default&#8221; hover_enabled=&#8221;0&#8243; global_colors_info=&#8221;{}&#8221; sticky_enabled=&#8221;0&#8243;][et_pb_column type=&#8221;1_2&#8243; _builder_version=&#8221;4.11.4&#8243; _module_preset=&#8221;default&#8221; global_colors_info=&#8221;{}&#8221;][et_pb_image src=&#8221;http:\/\/szklarnianadjeziorem.pl\/wp-content\/uploads\/2023\/05\/szklarnia-nad-jeziorem.jpg&#8221; title_text=&#8221;szklarnia nad jeziorem&#8221; _builder_version=&#8221;4.11.4&#8243; _module_preset=&#8221;default&#8221; global_colors_info=&#8221;{}&#8221;][\/et_pb_image][\/et_pb_column][et_pb_column type=&#8221;1_2&#8243; _builder_version=&#8221;4.11.4&#8243; _module_preset=&#8221;default&#8221; global_colors_info=&#8221;{}&#8221;][et_pb_text _builder_version=&#8221;4.11.4&#8243; _module_preset=&#8221;default&#8221; hover_enabled=&#8221;0&#8243; sticky_enabled=&#8221;0&#8243;]<\/p>\n<p>Nasza szklarnia do zdj\u0119\u0107 to:<\/p>\n<p>&nbsp;<\/p>\n<ul>\n<li>Idealnie przygotowana przestrze\u0144 do pracy \u2013 jako osoby zwi\u0105zane z bran\u017c\u0105 wiemy, \u017ce to wa\u017cny element ka\u017cdego miejsca zwi\u0105zanego z fotografi\u0105. Szklarnia nad jeziorem przestrze\u0144 dobrze o\u015bwietlona i wyposa\u017cona w niezb\u0119dny sprz\u0119t, tak aby ka\u017cdy m\u00f3g\u0142 swobodnie wykonywa\u0107 swoje zadania.<\/li>\n<li>Nieszablonowe studio fotograficzne \u2013 w Szklarni nad jeziorem gdzie mo\u017cna przeprowadza\u0107 sesje zdj\u0119ciowe, a tak\u017ce organizowa\u0107 warsztaty fotograficzne.<\/li>\n<li>Klimatyczna przestrze\u0144 do spotka\u0144 \u2013 nasze miejsce stworzone z mi\u0142o\u015bci do fotografii oferuje przestrze\u0144 do spotka\u0144, gdzie mi\u0142o\u015bnicy fotografii (i nie tylko) mog\u0105 wymienia\u0107 si\u0119 swoimi do\u015bwiadczeniami i wiedz\u0105 na temat fotografii.<\/li>\n<\/ul>\n<p>[\/et_pb_text][\/et_pb_column][\/et_pb_row][\/et_pb_section][et_pb_section fb_built=&#8221;1&#8243; _builder_version=&#8221;4.11.4&#8243; _module_preset=&#8221;default&#8221; background_color=&#8221;#f2f2f2&#8243; global_colors_info=&#8221;{}&#8221;][et_pb_row _builder_version=&#8221;4.11.4&#8243; _module_preset=&#8221;default&#8221; width=&#8221;6%&#8221; width_tablet=&#8221;15%&#8221; width_phone=&#8221;28%&#8221; width_last_edited=&#8221;on|desktop&#8221; custom_margin=&#8221;0px||||false|false&#8221; global_colors_info=&#8221;{}&#8221;][et_pb_column type=&#8221;4_4&#8243; _builder_version=&#8221;4.11.4&#8243; _module_preset=&#8221;default&#8221; global_colors_info=&#8221;{}&#8221;][et_pb_image src=&#8221;http:\/\/szklarnianadjeziorem.pl\/wp-content\/uploads\/2023\/04\/szklarnia-nad-jeziorem-1.png&#8221; title_text=&#8221;szklarnia nad jeziorem (1)&#8221; show_bottom_space=&#8221;off&#8221; show_bottom_space_tablet=&#8221;off&#8221; show_bottom_space_phone=&#8221;off&#8221; show_bottom_space_last_edited=&#8221;on|phone&#8221; _builder_version=&#8221;4.11.4&#8243; _module_preset=&#8221;default&#8221; custom_margin=&#8221;-139px||||false|false&#8221; global_colors_info=&#8221;{}&#8221;][\/et_pb_image][\/et_pb_column][\/et_pb_row][et_pb_row _builder_version=&#8221;4.11.4&#8243; _module_preset=&#8221;default&#8221; global_colors_info=&#8221;{}&#8221;][et_pb_column type=&#8221;4_4&#8243; _builder_version=&#8221;4.11.4&#8243; _module_preset=&#8221;default&#8221; global_colors_info=&#8221;{}&#8221;][et_pb_text _builder_version=&#8221;4.11.4&#8243; _module_preset=&#8221;default&#8221; hover_enabled=&#8221;0&#8243; global_colors_info=&#8221;{}&#8221; sticky_enabled=&#8221;0&#8243;]<\/p>\n<h2 style=\"text-align: center;\">SESJE W NASZEJ SZKLARNI<\/h2>\n<p>[\/et_pb_text][\/et_pb_column][\/et_pb_row][\/et_pb_section][et_pb_section fb_built=&#8221;1&#8243; _builder_version=&#8221;4.11.4&#8243; _module_preset=&#8221;default&#8221; global_colors_info=&#8221;{}&#8221;][et_pb_row column_structure=&#8221;1_3,1_3,1_3&#8243; _builder_version=&#8221;4.11.4&#8243; _module_preset=&#8221;default&#8221; global_colors_info=&#8221;{}&#8221;][et_pb_column type=&#8221;1_3&#8243; _builder_version=&#8221;4.11.4&#8243; _module_preset=&#8221;default&#8221; global_colors_info=&#8221;{}&#8221;][et_pb_image src=&#8221;http:\/\/szklarnianadjeziorem.pl\/wp-content\/uploads\/2023\/05\/sesja-szklarnia_warszawa.jpg&#8221; title_text=&#8221;sesja-szklarnia_warszawa&#8221; _builder_version=&#8221;4.11.4&#8243; _module_preset=&#8221;default&#8221; global_colors_info=&#8221;{}&#8221;][\/et_pb_image][et_pb_image src=&#8221;http:\/\/szklarnianadjeziorem.pl\/wp-content\/uploads\/2023\/05\/mini-sesja-warszawa.jpg&#8221; title_text=&#8221;mini sesja warszawa&#8221; _builder_version=&#8221;4.11.4&#8243; _module_preset=&#8221;default&#8221; global_colors_info=&#8221;{}&#8221;][\/et_pb_image][\/et_pb_column][et_pb_column type=&#8221;1_3&#8243; _builder_version=&#8221;4.11.4&#8243; _module_preset=&#8221;default&#8221; global_colors_info=&#8221;{}&#8221;][et_pb_image src=&#8221;http:\/\/szklarnianadjeziorem.pl\/wp-content\/uploads\/2023\/05\/sesja-szklarnia-warszawa.jpg&#8221; title_text=&#8221;sesja szklarnia warszawa&#8221; _builder_version=&#8221;4.11.4&#8243; _module_preset=&#8221;default&#8221; global_colors_info=&#8221;{}&#8221;][\/et_pb_image][et_pb_image src=&#8221;http:\/\/szklarnianadjeziorem.pl\/wp-content\/uploads\/2023\/05\/szklarnia-warszawa.jpg&#8221; title_text=&#8221;szklarnia warszawa&#8221; _builder_version=&#8221;4.11.4&#8243; _module_preset=&#8221;default&#8221; global_colors_info=&#8221;{}&#8221;][\/et_pb_image][\/et_pb_column][et_pb_column type=&#8221;1_3&#8243; _builder_version=&#8221;4.11.4&#8243; _module_preset=&#8221;default&#8221; global_colors_info=&#8221;{}&#8221;][et_pb_image src=&#8221;http:\/\/szklarnianadjeziorem.pl\/wp-content\/uploads\/2023\/05\/sesja-rodzinna-w-szklarni.jpg&#8221; title_text=&#8221;sesja rodzinna w szklarni&#8221; _builder_version=&#8221;4.11.4&#8243; _module_preset=&#8221;default&#8221; global_colors_info=&#8221;{}&#8221;][\/et_pb_image][et_pb_image src=&#8221;http:\/\/szklarnianadjeziorem.pl\/wp-content\/uploads\/2023\/05\/sesja-dla-par-szklarnia-warszawa.jpg&#8221; title_text=&#8221;sesja dla par szklarnia warszawa&#8221; _builder_version=&#8221;4.11.4&#8243; _module_preset=&#8221;default&#8221; global_colors_info=&#8221;{}&#8221;][\/et_pb_image][\/et_pb_column][\/et_pb_row][\/et_pb_section]<\/p>\n","protected":false},"excerpt":{"rendered":"<p>O NASSzklarnia nad jeziorem to miejsce stworzone z mi\u0142o\u015bci do fotografii i natury. Przestrze\u0144, kt\u00f3ra zosta\u0142a zaprojektowana i urz\u0105dzona z my\u015bl\u0105 o mi\u0142o\u015bnikach fotografii oraz os\u00f3b zajmuj\u0105cych si\u0119 zawodowo t\u0105 dziedzin\u0105. Szklarnia nad jeziorem mo\u017ce by\u0107 miejscem spotka\u0144, wymiany do\u015bwiadcze\u0144, a tak\u017ce organizowania r\u00f3\u017cnego rodzaju wydarze\u0144 zwi\u0105zanych z fotografi\u0105.Nasza szklarnia do zdj\u0119\u0107 to: &nbsp; Idealnie [&hellip;]<\/p>\n","protected":false},"author":2,"featured_media":0,"parent":0,"menu_order":0,"comment_status":"closed","ping_status":"closed","template":"","meta":{"_et_pb_use_builder":"on","_et_pb_old_content":"","_et_gb_content_width":"","footnotes":""},"class_list":["post-56","page","type-page","status-publish","hentry"],"_links":{"self":[{"href":"https:\/\/szklarnianadjeziorem.pl\/index.php\/wp-json\/wp\/v2\/pages\/56","targetHints":{"allow":["GET"]}}],"collection":[{"href":"https:\/\/szklarnianadjeziorem.pl\/index.php\/wp-json\/wp\/v2\/pages"}],"about":[{"href":"https:\/\/szklarnianadjeziorem.pl\/index.php\/wp-json\/wp\/v2\/types\/page"}],"author":[{"embeddable":true,"href":"https:\/\/szklarnianadjeziorem.pl\/index.php\/wp-json\/wp\/v2\/users\/2"}],"replies":[{"embeddable":true,"href":"https:\/\/szklarnianadjeziorem.pl\/index.php\/wp-json\/wp\/v2\/comments?post=56"}],"version-history":[{"count":3,"href":"https:\/\/szklarnianadjeziorem.pl\/index.php\/wp-json\/wp\/v2\/pages\/56\/revisions"}],"predecessor-version":[{"id":133,"href":"https:\/\/szklarnianadjeziorem.pl\/index.php\/wp-json\/wp\/v2\/pages\/56\/revisions\/133"}],"wp:attachment":[{"href":"https:\/\/szklarnianadjeziorem.pl\/index.php\/wp-json\/wp\/v2\/media?parent=56"}],"curies":[{"name":"wp","href":"https:\/\/api.w.org\/{rel}","templated":true}]}}